 a be g(0). Let o = w + a. What is the units digit of o?
5
Let y(f) = 2*f**3 + 2. Let u be y(2). Let i = u - 6. Suppose 149 - i = 3*j - 4*b, 4*j - 3*b = 171. What is the units digit of j?
9
Let u(f) = 26*f + 6 + f**3 - 2*f**3 - 38*f**2 + 47*f**2. What is the tens digit of u(11)?
5
What is the tens digit of (-9 + -29)/((-4)/18)?
7
Let k(p) = -p**2 + 3*p + 2. Let q be k(3). Suppose -2*j + 8 = q*j. Suppose 0 = -j*d + 68. What is the tens digit of d?
3
Suppose 0 = 2*h, 5*a = -5*h + 2750 + 1600. What is the units digit of a?
0
Let p(h) = h**3 - 14*h**2 - 48*h - 67. What is the hundreds digit of p(24)?
5
Suppose -64 = u - 199. Suppose -u = -5*s - 5*h, -6*s + 2*s + h + 98 = 0. What is the units digit of s?
5
Suppose 0 = -a - b + 4795 - 1118, 0 = 3*b - 15. Let i be (1/2)/((-17)/a). Let o = -50 - i. What is the tens digit of o?
5
Let l(c) = 4*c + 5. Suppose -6 = -2*y + 4. Suppose -3*z = y*x - 7*z - 24, -18 = -5*x - 2*z. What is the units digit of l(x)?
1
Let c(x) = x. Let d(o) = 12*o - 2. Let w(a) = -2*c(a) + d(a). What is the tens digit of w(7)?
6
Let p be 6/(20/28 - 1). Let u = -4 - p. Let q = u - 3. What is the units digit of q?
4
Suppose -2*w - 9 = -3*j - 5*w, 0 = -j + 3*w + 3. Suppose 0 = -j*u + 125 + 31. What is the tens digit of u?
5
Suppose 2*d - 4 = 0, 5*d = -j + d + 13. Suppose -j*o = -o. Suppose 2*i = -s + 8, o*i = 4*i + 3*s - 12. What is the units digit of i?
6
Suppose 69*x - 12 = 72*x. What is the units digit of 3 + 131 + -3 - x?
5
Let n = 503 - -523. What is the tens digit of n?
2
Let z(b) = b - 4. Let j be z(5). Suppose 0 = 3*g - 12, s + 2*g + j = 29. Suppose 2*t - s - 8 = 0. What is the tens digit of t?
1
What is the thousands digit of (-27 - 1246)/(2/(-8))?
5
Suppose -1440 + 6702 = 6*h. What is the tens digit of h?
7
Let h(u) = -5*u - 16. Let a be h(-4). Suppose 2*b = 3*k + a*b - 268, 2*b = -2*k + 178. What is the units digit of k?
0
Suppose 5*z = t + 5121, -8*t + 10*t = 2*z - 2050. What is the units digit of z?
4
Suppose -53*i - 19*i + 329976 = 0. What is the units digit of i?
3
Suppose 0 = 3*j + 4*w - 92 + 6, 0 = j - w - 24. What is the tens digit of j?
2
Let v = -6 + 8. Suppose 76 = o - 3*c, -o - 295 = -6*o - v*c. What is the tens digit of o?
6
Let p(w) be the second derivative of -w**5/4 + w**4/12 + w**3/2 + w**2/2 + 12*w. What is the tens digit of p(-2)?
3
Let l = -26 - 9. Let v = 80 - l. What is the hundreds digit of v?
1
Suppose -53 - 63 = -4*c. Let j = -24 + c. Let h = 6 + j. What is the tens digit of h?
1
Let c = 10 - 18. Let n = c + 10. Suppose -n*h - 2*h + 92 = 0. What is the units digit of h?
3
Let c = 12 + -7. Suppose -2*u + 1488 = -c*u. What is the units digit of u/(-40) - 4/10?
2
Suppose 0 = -2*r + 10 - 4. Let w(c) = -c**3 - 9*c**2 - 4*c - 14. Let g be w(-9). Suppose i - r = g. What is the tens digit of i?
2
Suppose 10039 = 25*o - 16861. What is the tens digit of o?
7
Let w = 1 + 42. Let u = w + -10. What is the units digit of u?
3
Let o(s) be the second derivative of -s**3 - 53*s**2/2 - s. What is the units digit of o(-13)?
5
Let f be 4 + -2*(-15)/(-10). Let k be 80/25 + f/(-5). Suppose 3*l + 120 = -0*i + k*i, 0 = 4*i + l - 165. What is the tens digit of i?
4
Suppose -5*s - 5*y = 215, 3*y = -5*s + 7*y - 233. Let a be (-3 + s/(-10))*-2. Let w = 54 + a. What is the tens digit of w?
5
Let s be 370 + 16/8*1*-1. Let a = s + -161. What is the hundreds digit of a?
2
Let w(i) = 2*i**3 + 4*i**2 - 11*i - 2. What is the units digit of w(4)?
6
Suppose -4*p + 0*p = -8. Let v be (65/10)/(1/p). Let l = -2 + v. What is the units digit of l?
1
What is the units digit of (2/(-8))/((-26)/51688)?
7
Suppose 0 = 3*d - 26 - 211. What is the units digit of d?
9
What is the units digit of (3112 - (-3 - -10)) + -4?
1
Let u = 21 + -13. Let k = 53 - u. Suppose -2*s = -5*s + k. What is the units digit of s?
5
Let z(n) be the second derivative of n**3/2 - 11*n**2/2 + n. Suppose -j + 1 = -10. What is the tens digit of z(j)?
2
Suppose 4*t - 4752 = b, -1941 = 5*t + 2*b - 7894. What is the tens digit of t?
8
What is the hundreds digit of 18/(-153) + (-132975)/(-153)?
8
Suppose 35 = 5*k + 2*u, -k + 0*k + 5*u + 7 = 0. What is the units digit of k?
7
Let v = -283 + 531. What is the tens digit of v?
4
What is the hundreds digit of (1486/(-6))/((100/30)/(-10))?
7
Let g(x) = -7*x**2 - 4*x - 2. Let o(y) = -15*y**2 - 7*y - 4. Let l(w) = -7*g(w) + 3*o(w). What is the units digit of l(5)?
7
Suppose 3*c = 2*d - 69 + 9886, 5*c + d - 16353 = 0. What is the units digit of c?
1
Let c(a) be the second derivative of a**4/6 - a**3/3 + 3*a**2 + 10*a. What is the tens digit of c(4)?
3
What is the tens digit of ((-7122)/18 - -3)/((-2)/3)?
8
Suppose -n + 758 = 2*n + 5*x, 246 = n - 5*x. What is the hundreds digit of n?
2
Let l = 54 + -36. Suppose -3*y - 19 = -2*n, 2*n - 5*n = -y - l. What is the units digit of 2/(4*y/(-18))?
3
Let g(q) = q**2 - 9*q - 4. Suppose 2*a + 20 = 2*c, -5*a + 30 = c + 2*c. What is the units digit of g(c)?
6
Let h = -771 + 528. Let x = h + 366. What is the hundreds digit of x?
1
Suppose -95 - 29 = 4*a. Let z = a - -7. Let u = z + 48. What is the tens digit of u?
2
Let f(m) = 2*m**2 + m + 23. Let i be f(0). Suppose i*v + 138 = 25*v. What is the tens digit of v?
6
Suppose 9 = 5*f + 2*s - 0*s, 3*f + s - 6 = 0. Suppose -4*i - f = -11. Suppose -i*u + 3*u = 16. What is the units digit of u?
6
Let a = -193 - -367. What is the hundreds digit of a?
1
Let s = 239 - 155. What is the units digit of (-3)/(-1)*1288/s?
6
Let x(m) = -7*m - 3 + 49*m - 4 - 17. What is the tens digit of x(5)?
8
Let f(k) be the second derivative of k**5/20 + 11*k**4/12 + k**3 - k**2/2 - 15*k. What is the hundreds digit of f(-9)?
1
Let j = -1494 + 2328. What is the hundreds digit of j?
8
Let x be -3 - (-6 + 4) - -5. Suppose -x*v + a + 236 = -2*v, -4*v = 5*a - 444. What is the units digit of v?
6
What is the units digit of (-4)/(-8) - (-24361)/34?
7
Let o = -278 - -537. What is the tens digit of o?
5
Let b be (-6)/(-4) - (-699)/(-6). Let t = b + 175. Suppose x = -4*x + t. What is the units digit of x?
2
Let d(k) = 1259*k**2 - 16*k + 16. What is the units digit of d(1)?
9
Let j be -4 - ((-3 - 0) + -4). Suppose -j*g + 62 = b, -5*g + 68 = b - 0*b. What is the units digit of b?
3
Let d be 2 + (-2 - (5 + -7)). Suppose a - 92 = 2*v, -d*a - 3*a + 3*v + 474 = 0. What is the tens digit of a?
9
Suppose 0 = 5*l - 5*o - 650, 5*l - o - 112 = 518. What is the tens digit of l?
2
Let f = -13 + 14. Let m be 4 - 3 - 1/f. Suppose 12 = 5*y - y - 5*z, -5*y - z + 44 = m. What is the units digit of y?
8
Suppose -2*x - 2*i = -2, -16 = -5*i - 1. Let n = 2 - x. What is the units digit of 48/n - (1 - -1)?
0
Let r be 39 - 1*(-2 - -4). Let y = -23 + r. What is the units digit of (y/4 - 3)*10?
5
What is the hundreds digit of (-2)/(8/(-886)) + (-44)/88?
2
Suppose -480 - 1984 = -22*f. What is the units digit of (-3)/9 + -17*f/(-6)?
7
Suppose -o + 29 = z, 5*z - 3*o - 145 = -4*o. Let r(a) = -8*a + 1. Let u be r(2). Let t = u + z. What is the tens digit of t?
1
Suppose 5*a + 3*i - 2*i - 3570 = 0, -2*i + 723 = a. What is the tens digit of a?
1
Let g(h) = -h**3 + 9*h**2 + 12*h - 7. Let d be g(10). Suppose 3 = i + d. Let w = i - -35. What is the tens digit of w?
2
Suppose 91*b = 98*b - 4067. What is the hundreds digit of b?
5
Suppose -51*p + 37*p + 6188 = 0. What is the units digit of p?
2
Suppose 0*a - 2*a + 979 = 5*q, a + 2*q = 491. What is the tens digit of a?
9
Let i be 708/21 - 2/(-7). Let h be -10*i*2/(-4). Suppose 0 = -2*d + 5*f + 46 + 8, 5*d - h = -5*f. What is the units digit of d?
2
Let j = 828 - 438. What is the tens digit of -3 - ((-20)/6)/(20/j)?
6
Let g(j) = 173*j + 48. What is the tens digit of g(3)?
6
Suppose m + 3*m = 20. Let b(x) be the second derivative of x**5/20 - x**4/3 - 2*x**3/3 - 55*x. What is the units digit of b(m)?
5
Suppose -35*p + 17*p = -12564. What is the tens digit of p?
9
Let i(x) = 2*x**2 + x - 1. Let v be i(-1). Let q(z) = z**3 - z**2 - 2*z + 85. What is the units digit of q(v)?
5
Suppose 1455 = 6*m - 579. What is the tens digit of m?
3
Let c = 66 + -68. What is the tens digit of (c + (-2 - -2))*(1 - 24)?
4
Let n = 286 + -203. Suppose 48 = 4*t + 32. Suppose t*l - n = l + 4*j, j + 95 = 3*l. What is the tens digit of l?
3
Let w(b) = -b + 9. Let h be w(5). Suppose -h*x + 600 = 16. What is t